{"id":4508,"date":"2021-04-29T16:00:16","date_gmt":"2021-04-29T20:00:16","guid":{"rendered":"https:\/\/potetourstransferpuntacana.com\/?post_type=product&#038;p=4508"},"modified":"2026-04-15T00:01:04","modified_gmt":"2026-04-15T04:01:04","slug":"canopy-zip-lines-bavaro","status":"publish","type":"product","link":"https:\/\/potetourstransferpuntacana.com\/?product=canopy-zip-lines-bavaro","title":{"rendered":"Canopy Zip Lines B\u00e1varo"},"content":{"rendered":"<p>Disfruta de la aventura con nuestras Zip Lines. No te pierdas esta estimulante aventura que te har\u00e1 \u201cvolar\u201d a trav\u00e9s del magn\u00edfico bosque Tropical de Anamuya, en las cercan\u00edas de B\u00e1varo-Punta Cana.<\/p>\n<p>Gu\u00edas capacitados te mostrar\u00e1n c\u00f3mo hacerlo, mientras te cuentan los secretos de las monta\u00f1as de Taino Anamuya.<\/p>\n<p><strong>Requisitos<\/strong><\/p>\n<ul>\n<li>Edad m\u00ednima: 5 a\u00f1os.<\/li>\n<li>Los menores de 17 a\u00f1os deber\u00e1n ir acompa\u00f1ados de los padres.<\/li>\n<li>Los menores de 17 a\u00f1os podr\u00e1n participar solos con autorizaci\u00f3n por escrito de los padres.<\/li>\n<\/ul>\n<p><strong>Descripci\u00f3n<\/strong><\/p>\n<ul>\n<li>Medida del arn\u00e9s: 114 cm.<\/li>\n<li>Peso m\u00e1ximo: no existe, el m\u00e1ximo soportado es el contorno de 114 cm del arn\u00e9s.<\/li>\n<li>Altura de la torre: 14 m de alto.<\/li>\n<li>Detalles: 15 plataformas en 8 cables dobles. Los cables miden entre 100 y 700 m de largo.<\/li>\n<li>Total del recorrido: 2,100 m.<\/li>\n<\/ul>\n<h3>Qu\u00e9 incluye la excursi\u00f3n Canopy Zip Lines B\u00e1varo:<\/h3>\n<ul>\n<li>Traslados desde tu hotel hasta el Rancho y regreso al hotel de origen.<\/li>\n<li>Todo el equipo para realizar la actividad, arn\u00e9s, casco, guantes y otros accesorios d seguridad.<\/li>\n<li>Fruta, agua y caf\u00e9 del Rancho.<\/li>\n<li>Seguro de accidentes incluido en las excursiones en Punta Cana.<\/li>\n<li>El seguro de accidentes (Asistencia en Viaje), incluido al contratar vuestro viaje os cubre de accidentes en cualquiera de nuestras excursiones en Punta Cana (con excepci\u00f3n del BUCEO para el que contamos con un seguro aparte).<\/li>\n<\/ul>\n<div class=\"ast-oembed-container \" style=\"height: 100%;\"><iframe loading=\"lazy\" title=\"Canopy Adventure 3 minute promo\" width=\"500\" height=\"281\" src=\"https:\/\/www.youtube.com\/embed\/cF9Utp2moLs?feature=oembed\" frameborder=\"0\" allow=\"accelerometer; autoplay; clipboard-write; encrypted-media; gyroscope; picture-in-picture; web-share\" referrerpolicy=\"strict-origin-when-cross-origin\" allowfullscreen><\/iframe><\/div>\n","protected":false},"excerpt":{"rendered":"<p>Disfruta de la aventura con nuestras Zip Lines. No te pierdas esta estimulante aventura que te har\u00e1 \u201cvolar\u201d a trav\u00e9s del magn\u00edfico bosque Tropical de Anamuya, en las cercan\u00edas de B\u00e1varo-Punta Cana. Gu\u00edas capacitados te mostrar\u00e1n c\u00f3mo hacerlo, mientras te cuentan los secretos de las monta\u00f1as de Taino Anamuya. Requisitos Edad m\u00ednima: 5 a\u00f1os. Los [&hellip;]<\/p>\n","protected":false},"featured_media":4657,"comment_status":"open","ping_status":"closed","template":"","meta":{"content-type":"","_uag_custom_page_level_css":"","site-sidebar-layout":"no-sidebar","site-content-layout":"default","ast-site-content-layout":"default","site-content-style":"default","site-sidebar-style":"default","ast-global-header-display":"","ast-banner-title-visibility":"","ast-main-header-display":"","ast-hfb-above-header-display":"","ast-hfb-below-header-display":"","ast-hfb-mobile-header-display":"","site-post-title":"","ast-breadcrumbs-content":"","ast-featured-img":"","footer-sml-layout":"","theme-transparent-header-meta":"default","adv-header-id-meta":"","stick-header-meta":"","header-above-stick-meta":"","header-main-stick-meta":"","header-below-stick-meta":"","astra-migrate-meta-layouts":"set","ast-page-background-enabled":"default","ast-page-background-meta":{"desktop":{"background-color":"","background-image":"","background-repeat":"repeat","background-position":"center center","background-size":"auto","background-attachment":"scroll","background-type":"","background-media":"","overlay-type":"","overlay-color":"","overlay-opacity":"","overlay-gradient":""},"tablet":{"background-color":"","background-image":"","background-repeat":"repeat","background-position":"center center","background-size":"auto","background-attachment":"scroll","background-type":"","background-media":"","overlay-type":"","overlay-color":"","overlay-opacity":"","overlay-gradient":""},"mobile":{"background-color":"","background-image":"","background-repeat":"repeat","background-position":"center center","background-size":"auto","background-attachment":"scroll","background-type":"","background-media":"","overlay-type":"","overlay-color":"","overlay-opacity":"","overlay-gradient":""}},"ast-content-background-meta":{"desktop":{"background-color":"var(--ast-global-color-5)","background-image":"","background-repeat":"repeat","background-position":"center center","background-size":"auto","background-attachment":"scroll","background-type":"","background-media":"","overlay-type":"","overlay-color":"","overlay-opacity":"","overlay-gradient":""},"tablet":{"background-color":"var(--ast-global-color-5)","background-image":"","background-repeat":"repeat","background-position":"center center","background-size":"auto","background-attachment":"scroll","background-type":"","background-media":"","overlay-type":"","overlay-color":"","overlay-opacity":"","overlay-gradient":""},"mobile":{"background-color":"var(--ast-global-color-5)","background-image":"","background-repeat":"repeat","background-position":"center center","background-size":"auto","background-attachment":"scroll","background-type":"","background-media":"","overlay-type":"","overlay-color":"","overlay-opacity":"","overlay-gradient":""}}},"product_cat":[44],"product_tag":[70],"class_list":{"0":"post-4508","1":"product","2":"type-product","3":"status-publish","4":"has-post-thumbnail","6":"product_cat-excursiones","7":"product_tag-por-tierra","8":"wt_location-punta-cana","9":"desktop-align-left","10":"tablet-align-left","11":"mobile-align-left","13":"first","14":"instock","15":"sale","16":"featured","17":"sold-individually","18":"shipping-taxable","19":"purchasable","20":"product-type-simple"},"uagb_featured_image_src":{"full":["https:\/\/potetourstransferpuntacana.com\/wp-content\/uploads\/2021\/03\/Canopy-Zip-Lines-Bavaro-Punta-Cana-Tour-Excursion-1357x905px-Stayhappyrd-2.jpg",1357,905,false],"thumbnail":["https:\/\/potetourstransferpuntacana.com\/wp-content\/uploads\/2021\/03\/Canopy-Zip-Lines-Bavaro-Punta-Cana-Tour-Excursion-1357x905px-Stayhappyrd-2.jpg",128,85,false],"medium":["https:\/\/potetourstransferpuntacana.com\/wp-content\/uploads\/2021\/03\/Canopy-Zip-Lines-Bavaro-Punta-Cana-Tour-Excursion-1357x905px-Stayhappyrd-2.jpg",1357,905,false],"medium_large":["https:\/\/potetourstransferpuntacana.com\/wp-content\/uploads\/2021\/03\/Canopy-Zip-Lines-Bavaro-Punta-Cana-Tour-Excursion-1357x905px-Stayhappyrd-2-768x512.jpg",768,512,true],"large":["https:\/\/potetourstransferpuntacana.com\/wp-content\/uploads\/2021\/03\/Canopy-Zip-Lines-Bavaro-Punta-Cana-Tour-Excursion-1357x905px-Stayhappyrd-2.jpg",1357,905,false],"1536x1536":["https:\/\/potetourstransferpuntacana.com\/wp-content\/uploads\/2021\/03\/Canopy-Zip-Lines-Bavaro-Punta-Cana-Tour-Excursion-1357x905px-Stayhappyrd-2.jpg",1357,905,false],"2048x2048":["https:\/\/potetourstransferpuntacana.com\/wp-content\/uploads\/2021\/03\/Canopy-Zip-Lines-Bavaro-Punta-Cana-Tour-Excursion-1357x905px-Stayhappyrd-2.jpg",1357,905,false],"thumb_150x160":["https:\/\/potetourstransferpuntacana.com\/wp-content\/uploads\/2021\/03\/Canopy-Zip-Lines-Bavaro-Punta-Cana-Tour-Excursion-1357x905px-Stayhappyrd-2-150x160.jpg",150,160,true],"thumb_100x150":["https:\/\/potetourstransferpuntacana.com\/wp-content\/uploads\/2021\/03\/Canopy-Zip-Lines-Bavaro-Punta-Cana-Tour-Excursion-1357x905px-Stayhappyrd-2-100x150.jpg",100,150,true],"wethumb_204x153":["https:\/\/potetourstransferpuntacana.com\/wp-content\/uploads\/2021\/03\/Canopy-Zip-Lines-Bavaro-Punta-Cana-Tour-Excursion-1357x905px-Stayhappyrd-2-204x153.jpg",204,153,true],"wethumb_460x307":["https:\/\/potetourstransferpuntacana.com\/wp-content\/uploads\/2021\/03\/Canopy-Zip-Lines-Bavaro-Punta-Cana-Tour-Excursion-1357x905px-Stayhappyrd-2-460x307.jpg",460,307,true],"wethumb_85x85":["https:\/\/potetourstransferpuntacana.com\/wp-content\/uploads\/2021\/03\/Canopy-Zip-Lines-Bavaro-Punta-Cana-Tour-Excursion-1357x905px-Stayhappyrd-2-85x85.jpg",85,85,true],"woocommerce_thumbnail":["https:\/\/potetourstransferpuntacana.com\/wp-content\/uploads\/2021\/03\/Canopy-Zip-Lines-Bavaro-Punta-Cana-Tour-Excursion-1357x905px-Stayhappyrd-2-300x300.jpg",300,300,true],"woocommerce_single":["https:\/\/potetourstransferpuntacana.com\/wp-content\/uploads\/2021\/03\/Canopy-Zip-Lines-Bavaro-Punta-Cana-Tour-Excursion-1357x905px-Stayhappyrd-2-600x400.jpg",600,400,true],"woocommerce_gallery_thumbnail":["https:\/\/potetourstransferpuntacana.com\/wp-content\/uploads\/2021\/03\/Canopy-Zip-Lines-Bavaro-Punta-Cana-Tour-Excursion-1357x905px-Stayhappyrd-2-100x100.jpg",100,100,true]},"uagb_author_info":{"display_name":"KELYN MEJIA","author_link":"https:\/\/potetourstransferpuntacana.com\/?author=0"},"uagb_comment_info":1,"uagb_excerpt":"Disfruta de la aventura con nuestras Zip Lines. No te pierdas esta estimulante aventura que te har\u00e1 \u201cvolar\u201d a trav\u00e9s del magn\u00edfico bosque Tropical de Anamuya, en las cercan\u00edas de B\u00e1varo-Punta Cana. Gu\u00edas capacitados te mostrar\u00e1n c\u00f3mo hacerlo, mientras te cuentan los secretos de las monta\u00f1as de Taino Anamuya. Requisitos Edad m\u00ednima: 5 a\u00f1os. Los&hellip;","_links":{"self":[{"href":"https:\/\/potetourstransferpuntacana.com\/index.php?rest_route=\/wp\/v2\/product\/4508","targetHints":{"allow":["GET"]}}],"collection":[{"href":"https:\/\/potetourstransferpuntacana.com\/index.php?rest_route=\/wp\/v2\/product"}],"about":[{"href":"https:\/\/potetourstransferpuntacana.com\/index.php?rest_route=\/wp\/v2\/types\/product"}],"replies":[{"embeddable":true,"href":"https:\/\/potetourstransferpuntacana.com\/index.php?rest_route=%2Fwp%2Fv2%2Fcomments&post=4508"}],"wp:featuredmedia":[{"embeddable":true,"href":"https:\/\/potetourstransferpuntacana.com\/index.php?rest_route=\/wp\/v2\/media\/4657"}],"wp:attachment":[{"href":"https:\/\/potetourstransferpuntacana.com\/index.php?rest_route=%2Fwp%2Fv2%2Fmedia&parent=4508"}],"wp:term":[{"taxonomy":"product_cat","embeddable":true,"href":"https:\/\/potetourstransferpuntacana.com\/index.php?rest_route=%2Fwp%2Fv2%2Fproduct_cat&post=4508"},{"taxonomy":"product_tag","embeddable":true,"href":"https:\/\/potetourstransferpuntacana.com\/index.php?rest_route=%2Fwp%2Fv2%2Fproduct_tag&post=4508"}],"curies":[{"name":"wp","href":"https:\/\/api.w.org\/{rel}","templated":true}]}}