{"id":4506,"date":"2021-04-24T15:47:08","date_gmt":"2021-04-24T19:47:08","guid":{"rendered":"https:\/\/potetourstransferpuntacana.com\/?post_type=product&#038;p=4506"},"modified":"2021-05-30T21:35:24","modified_gmt":"2021-05-31T01:35:24","slug":"pesca-de-altura-en-punta-cana","status":"publish","type":"product","link":"https:\/\/potetourstransferpuntacana.com\/?product=pesca-de-altura-en-punta-cana","title":{"rendered":"Pesca de Altura en Punta Cana"},"content":{"rendered":"<p>Punta Cana es un destino de renombre para la pesca deportiva de alta mar. Si la pesca es tu hobby, no dudes en venir con nosotros a las mejores zonas de pesca de Punta Cana!<\/p>\n<p>La combinaci\u00f3n de las aguas del Mar Caribe con las del Oc\u00e9ano Atl\u00e1ntico, crea las condiciones perfectas para la pesca deportiva, debido a los inmensos bancos de peces que son atra\u00eddos a la zona.<\/p>\n<p>A bordo de uno de los 3 barcos de pesca de 10 metros cada uno, tendr\u00e1s la oportunidad de realizar magn\u00edficas capturas junto a los mejores expertos y con el mejor equipamiento. Y deja que nuestro experimentado equipo te ayude a pescar el pez m\u00e1s grande!<\/p>\n<p>Lo que encuentres en el agua depende de la temporada pero imagina: marlines azules (pez espada) y blancos, peces vela, atunes, caballas, Mahi-Mahi (pez dorado), barracudas y muchos m\u00e1s. Ven a disfrutar de uno de los grandes placeres de Punta Cana, la pesca!<\/p>\n<p>Una excursi\u00f3n de 4 horas para salir de pesca, que puedes programar por la ma\u00f1ana o por la tarde; tambi\u00e9n puedes llevar un acompa\u00f1ante y pasar un d\u00eda espectacular, embarcado, disfrutando de tu deporte favorito y siempre acompa\u00f1ado por expertos que te proveer\u00e1n del equipo, consejos e instrucciones, y un servicio de bebidas a bordo, para que pases medio d\u00eda espectacular!<\/p>\n<h3>Qu\u00e9 incluye la excursi\u00f3n Pesca de Altura en Punta Cana:<\/h3>\n<ul>\n<li>Equipo de pesca y cebo.<\/li>\n<li>Bebidas, agua, bocadillos.<\/li>\n<li>Recogida y traslados al hotel.<\/li>\n<li>Capit\u00e1n y un marino, responsable de la entrega de las varas de pesca.<\/li>\n<li>Seguro de accidentes incluido en las excursiones en Punta Cana.<\/li>\n<li>El seguro de accidentes (Asistencia en Viaje), incluido al contratar vuestro viaje os cubre de accidentes en cualquiera de nuestras excursiones en Punta Cana (con excepci\u00f3n del BUCEO para el que contamos con un seguro aparte).<\/li>\n<\/ul>\n<div class=\"ast-oembed-container \" style=\"height: 100%;\"><iframe loading=\"lazy\" title=\"Pesca Altura en Punta Cana. QuieroCaribe\" width=\"500\" height=\"281\" src=\"https:\/\/www.youtube.com\/embed\/rFDhumuvCUI?feature=oembed\" frameborder=\"0\" allow=\"accelerometer; autoplay; clipboard-write; encrypted-media; gyroscope; picture-in-picture; web-share\" referrerpolicy=\"strict-origin-when-cross-origin\" allowfullscreen><\/iframe><\/div>\n","protected":false},"excerpt":{"rendered":"<p>Punta Cana es un destino de renombre para la pesca deportiva de alta mar. Si la pesca es tu hobby, no dudes en venir con nosotros a las mejores zonas de pesca de Punta Cana! La combinaci\u00f3n de las aguas del Mar Caribe con las del Oc\u00e9ano Atl\u00e1ntico, crea las condiciones perfectas para la pesca [&hellip;]<\/p>\n","protected":false},"featured_media":4654,"comment_status":"open","ping_status":"closed","template":"","meta":{"content-type":"","_uag_custom_page_level_css":"","site-sidebar-layout":"no-sidebar","site-content-layout":"default","ast-site-content-layout":"","site-content-style":"default","site-sidebar-style":"default","ast-global-header-display":"","ast-banner-title-visibility":"","ast-main-header-display":"","ast-hfb-above-header-display":"","ast-hfb-below-header-display":"","ast-hfb-mobile-header-display":"","site-post-title":"","ast-breadcrumbs-content":"","ast-featured-img":"","footer-sml-layout":"","theme-transparent-header-meta":"default","adv-header-id-meta":"","stick-header-meta":"","header-above-stick-meta":"","header-main-stick-meta":"","header-below-stick-meta":"","astra-migrate-meta-layouts":"default","ast-page-background-enabled":"default","ast-page-background-meta":{"desktop":{"background-color":"","background-image":"","background-repeat":"repeat","background-position":"center center","background-size":"auto","background-attachment":"scroll","background-type":"","background-media":"","overlay-type":"","overlay-color":"","overlay-opacity":"","overlay-gradient":""},"tablet":{"background-color":"","background-image":"","background-repeat":"repeat","background-position":"center center","background-size":"auto","background-attachment":"scroll","background-type":"","background-media":"","overlay-type":"","overlay-color":"","overlay-opacity":"","overlay-gradient":""},"mobile":{"background-color":"","background-image":"","background-repeat":"repeat","background-position":"center center","background-size":"auto","background-attachment":"scroll","background-type":"","background-media":"","overlay-type":"","overlay-color":"","overlay-opacity":"","overlay-gradient":""}},"ast-content-background-meta":{"desktop":{"background-color":"var(--ast-global-color-5)","background-image":"","background-repeat":"repeat","background-position":"center center","background-size":"auto","background-attachment":"scroll","background-type":"","background-media":"","overlay-type":"","overlay-color":"","overlay-opacity":"","overlay-gradient":""},"tablet":{"background-color":"var(--ast-global-color-5)","background-image":"","background-repeat":"repeat","background-position":"center center","background-size":"auto","background-attachment":"scroll","background-type":"","background-media":"","overlay-type":"","overlay-color":"","overlay-opacity":"","overlay-gradient":""},"mobile":{"background-color":"var(--ast-global-color-5)","background-image":"","background-repeat":"repeat","background-position":"center center","background-size":"auto","background-attachment":"scroll","background-type":"","background-media":"","overlay-type":"","overlay-color":"","overlay-opacity":"","overlay-gradient":""}}},"product_cat":[44],"product_tag":[58],"class_list":{"0":"post-4506","1":"product","2":"type-product","3":"status-publish","4":"has-post-thumbnail","6":"product_cat-excursiones","7":"product_tag-por-mar","8":"wt_location-punta-cana","9":"desktop-align-left","10":"tablet-align-left","11":"mobile-align-left","13":"first","14":"instock","15":"sale","16":"sold-individually","17":"shipping-taxable","18":"purchasable","19":"product-type-simple"},"uagb_featured_image_src":{"full":["https:\/\/potetourstransferpuntacana.com\/wp-content\/uploads\/2021\/03\/PESCA-DE-ALTURA-EN-PUNTA-CANA-Punta-Cana-Tour-Excursion-1357x905px-Stayhappyrd-1.jpg",1357,905,false],"thumbnail":["https:\/\/potetourstransferpuntacana.com\/wp-content\/uploads\/2021\/03\/PESCA-DE-ALTURA-EN-PUNTA-CANA-Punta-Cana-Tour-Excursion-1357x905px-Stayhappyrd-1.jpg",128,85,false],"medium":["https:\/\/potetourstransferpuntacana.com\/wp-content\/uploads\/2021\/03\/PESCA-DE-ALTURA-EN-PUNTA-CANA-Punta-Cana-Tour-Excursion-1357x905px-Stayhappyrd-1.jpg",1357,905,false],"medium_large":["https:\/\/potetourstransferpuntacana.com\/wp-content\/uploads\/2021\/03\/PESCA-DE-ALTURA-EN-PUNTA-CANA-Punta-Cana-Tour-Excursion-1357x905px-Stayhappyrd-1-768x512.jpg",768,512,true],"large":["https:\/\/potetourstransferpuntacana.com\/wp-content\/uploads\/2021\/03\/PESCA-DE-ALTURA-EN-PUNTA-CANA-Punta-Cana-Tour-Excursion-1357x905px-Stayhappyrd-1.jpg",1357,905,false],"1536x1536":["https:\/\/potetourstransferpuntacana.com\/wp-content\/uploads\/2021\/03\/PESCA-DE-ALTURA-EN-PUNTA-CANA-Punta-Cana-Tour-Excursion-1357x905px-Stayhappyrd-1.jpg",1357,905,false],"2048x2048":["https:\/\/potetourstransferpuntacana.com\/wp-content\/uploads\/2021\/03\/PESCA-DE-ALTURA-EN-PUNTA-CANA-Punta-Cana-Tour-Excursion-1357x905px-Stayhappyrd-1.jpg",1357,905,false],"thumb_150x160":["https:\/\/potetourstransferpuntacana.com\/wp-content\/uploads\/2021\/03\/PESCA-DE-ALTURA-EN-PUNTA-CANA-Punta-Cana-Tour-Excursion-1357x905px-Stayhappyrd-1-150x160.jpg",150,160,true],"thumb_100x150":["https:\/\/potetourstransferpuntacana.com\/wp-content\/uploads\/2021\/03\/PESCA-DE-ALTURA-EN-PUNTA-CANA-Punta-Cana-Tour-Excursion-1357x905px-Stayhappyrd-1-100x150.jpg",100,150,true],"wethumb_204x153":["https:\/\/potetourstransferpuntacana.com\/wp-content\/uploads\/2021\/03\/PESCA-DE-ALTURA-EN-PUNTA-CANA-Punta-Cana-Tour-Excursion-1357x905px-Stayhappyrd-1-204x153.jpg",204,153,true],"wethumb_460x307":["https:\/\/potetourstransferpuntacana.com\/wp-content\/uploads\/2021\/03\/PESCA-DE-ALTURA-EN-PUNTA-CANA-Punta-Cana-Tour-Excursion-1357x905px-Stayhappyrd-1-460x307.jpg",460,307,true],"wethumb_85x85":["https:\/\/potetourstransferpuntacana.com\/wp-content\/uploads\/2021\/03\/PESCA-DE-ALTURA-EN-PUNTA-CANA-Punta-Cana-Tour-Excursion-1357x905px-Stayhappyrd-1-85x85.jpg",85,85,true],"woocommerce_thumbnail":["https:\/\/potetourstransferpuntacana.com\/wp-content\/uploads\/2021\/03\/PESCA-DE-ALTURA-EN-PUNTA-CANA-Punta-Cana-Tour-Excursion-1357x905px-Stayhappyrd-1-300x300.jpg",300,300,true],"woocommerce_single":["https:\/\/potetourstransferpuntacana.com\/wp-content\/uploads\/2021\/03\/PESCA-DE-ALTURA-EN-PUNTA-CANA-Punta-Cana-Tour-Excursion-1357x905px-Stayhappyrd-1-600x400.jpg",600,400,true],"woocommerce_gallery_thumbnail":["https:\/\/potetourstransferpuntacana.com\/wp-content\/uploads\/2021\/03\/PESCA-DE-ALTURA-EN-PUNTA-CANA-Punta-Cana-Tour-Excursion-1357x905px-Stayhappyrd-1-100x100.jpg",100,100,true]},"uagb_author_info":{"display_name":"KELYN MEJIA","author_link":"https:\/\/potetourstransferpuntacana.com\/?author=0"},"uagb_comment_info":0,"uagb_excerpt":"Punta Cana es un destino de renombre para la pesca deportiva de alta mar. Si la pesca es tu hobby, no dudes en venir con nosotros a las mejores zonas de pesca de Punta Cana! La combinaci\u00f3n de las aguas del Mar Caribe con las del Oc\u00e9ano Atl\u00e1ntico, crea las condiciones perfectas para la pesca&hellip;","_links":{"self":[{"href":"https:\/\/potetourstransferpuntacana.com\/index.php?rest_route=\/wp\/v2\/product\/4506","targetHints":{"allow":["GET"]}}],"collection":[{"href":"https:\/\/potetourstransferpuntacana.com\/index.php?rest_route=\/wp\/v2\/product"}],"about":[{"href":"https:\/\/potetourstransferpuntacana.com\/index.php?rest_route=\/wp\/v2\/types\/product"}],"replies":[{"embeddable":true,"href":"https:\/\/potetourstransferpuntacana.com\/index.php?rest_route=%2Fwp%2Fv2%2Fcomments&post=4506"}],"wp:featuredmedia":[{"embeddable":true,"href":"https:\/\/potetourstransferpuntacana.com\/index.php?rest_route=\/wp\/v2\/media\/4654"}],"wp:attachment":[{"href":"https:\/\/potetourstransferpuntacana.com\/index.php?rest_route=%2Fwp%2Fv2%2Fmedia&parent=4506"}],"wp:term":[{"taxonomy":"product_cat","embeddable":true,"href":"https:\/\/potetourstransferpuntacana.com\/index.php?rest_route=%2Fwp%2Fv2%2Fproduct_cat&post=4506"},{"taxonomy":"product_tag","embeddable":true,"href":"https:\/\/potetourstransferpuntacana.com\/index.php?rest_route=%2Fwp%2Fv2%2Fproduct_tag&post=4506"}],"curies":[{"name":"wp","href":"https:\/\/api.w.org\/{rel}","templated":true}]}}