{"id":4427,"date":"2021-04-21T21:49:57","date_gmt":"2021-04-22T01:49:57","guid":{"rendered":"https:\/\/potetourstransferpuntacana.com\/?post_type=product&#038;p=4427"},"modified":"2021-05-30T21:36:57","modified_gmt":"2021-05-31T01:36:57","slug":"safari-tour-rancho-cacao-cafe","status":"publish","type":"product","link":"https:\/\/potetourstransferpuntacana.com\/?product=safari-tour-rancho-cacao-cafe","title":{"rendered":"Safari Tour Rancho Cacao &#038; Caf\u00e9"},"content":{"rendered":"<p>Descubre la verdadera Rep\u00fablica Dominicana con este tour de un d\u00eda completo desde Punta Cana.<\/p>\n<p>Iniciamos este d\u00eda tomando la ruta hacia Hig\u00fcey donde adem\u00e1s de recorrer sus calles, visitaremos la iglesia m\u00e1s grande e importante del pa\u00eds., la Bas\u00edlica de La Altagracia. Prep\u00e1rate para capturar panoramas incre\u00edbles y pueblecitos de monta\u00f1a, a lo largo del camino podr\u00e1s ver las escuelas y los famosos \u201ccolmaditos\u201d. Pi\u00e9rdete en las plantaciones de ca\u00f1a de az\u00facar, entra al ingenio artesanal y ve una creaci\u00f3n exacta de un trapiche de la era colonial. El d\u00eda no estar\u00e1 completo sin ver como los expertos cigarreros envuelven los mejores cigarros dominicanos .<\/p>\n<p>Para mejorar visite el hogar de una familia local, donde con mucha amabilidad te invitar\u00e1n a sus plantaciones de caf\u00e9 y cacao, y degustar\u00e1s estos productos como tambi\u00e9n frutas tropicales frescas. Esta experiencia cultural ser\u00e1 definitivamente inolvidable, tendr\u00e1s la oportunidad de deleitarte con la mejor comida dominicana, los comentarios son un\u00e1nimes: \u00a1servimos el mejor almuerzo en nuestro tour!<\/p>\n<h3>Qu\u00e9 incluye esta excursi\u00f3n para Safari Tour Rancho Cacao &amp; Caf\u00e9:<\/h3>\n<ul>\n<li>Almuerzo buffet t\u00edpico dominicano.<\/li>\n<li>Frutas tropicales, Caf\u00e9 y Chocolate.<\/li>\n<li>Refresco, Agua, Cerveza, Ron, Mamajuana.<\/li>\n<li>Casa t\u00edpica dominicana.<\/li>\n<li>Bas\u00edlica de Hig\u00fcey.<\/li>\n<li>Transportaci\u00f3n en camiones safari.<\/li>\n<\/ul>\n<div class=\"ast-oembed-container \" style=\"height: 100%;\"><iframe loading=\"lazy\" title=\"Safari Tour Rancho Cacao &amp; Caf\u00e9. QuieroCaribe\" width=\"500\" height=\"281\" src=\"https:\/\/www.youtube.com\/embed\/Rm_mIl3xEEk?feature=oembed\" frameborder=\"0\" allow=\"accelerometer; autoplay; clipboard-write; encrypted-media; gyroscope; picture-in-picture; web-share\" referrerpolicy=\"strict-origin-when-cross-origin\" allowfullscreen><\/iframe><\/div>\n","protected":false},"excerpt":{"rendered":"<p>Descubre la verdadera Rep\u00fablica Dominicana con este tour de un d\u00eda completo desde Punta Cana. Iniciamos este d\u00eda tomando la ruta hacia Hig\u00fcey donde adem\u00e1s de recorrer sus calles, visitaremos la iglesia m\u00e1s grande e importante del pa\u00eds., la Bas\u00edlica de La Altagracia. Prep\u00e1rate para capturar panoramas incre\u00edbles y pueblecitos de monta\u00f1a, a lo largo [&hellip;]<\/p>\n","protected":false},"featured_media":4648,"comment_status":"open","ping_status":"closed","template":"","meta":{"content-type":"","_uag_custom_page_level_css":"","site-sidebar-layout":"no-sidebar","site-content-layout":"default","ast-site-content-layout":"","site-content-style":"default","site-sidebar-style":"default","ast-global-header-display":"","ast-banner-title-visibility":"","ast-main-header-display":"","ast-hfb-above-header-display":"","ast-hfb-below-header-display":"","ast-hfb-mobile-header-display":"","site-post-title":"","ast-breadcrumbs-content":"","ast-featured-img":"","footer-sml-layout":"","theme-transparent-header-meta":"default","adv-header-id-meta":"","stick-header-meta":"","header-above-stick-meta":"","header-main-stick-meta":"","header-below-stick-meta":"","astra-migrate-meta-layouts":"default","ast-page-background-enabled":"default","ast-page-background-meta":{"desktop":{"background-color":"","background-image":"","background-repeat":"repeat","background-position":"center center","background-size":"auto","background-attachment":"scroll","background-type":"","background-media":"","overlay-type":"","overlay-color":"","overlay-opacity":"","overlay-gradient":""},"tablet":{"background-color":"","background-image":"","background-repeat":"repeat","background-position":"center center","background-size":"auto","background-attachment":"scroll","background-type":"","background-media":"","overlay-type":"","overlay-color":"","overlay-opacity":"","overlay-gradient":""},"mobile":{"background-color":"","background-image":"","background-repeat":"repeat","background-position":"center center","background-size":"auto","background-attachment":"scroll","background-type":"","background-media":"","overlay-type":"","overlay-color":"","overlay-opacity":"","overlay-gradient":""}},"ast-content-background-meta":{"desktop":{"background-color":"var(--ast-global-color-5)","background-image":"","background-repeat":"repeat","background-position":"center center","background-size":"auto","background-attachment":"scroll","background-type":"","background-media":"","overlay-type":"","overlay-color":"","overlay-opacity":"","overlay-gradient":""},"tablet":{"background-color":"var(--ast-global-color-5)","background-image":"","background-repeat":"repeat","background-position":"center center","background-size":"auto","background-attachment":"scroll","background-type":"","background-media":"","overlay-type":"","overlay-color":"","overlay-opacity":"","overlay-gradient":""},"mobile":{"background-color":"var(--ast-global-color-5)","background-image":"","background-repeat":"repeat","background-position":"center center","background-size":"auto","background-attachment":"scroll","background-type":"","background-media":"","overlay-type":"","overlay-color":"","overlay-opacity":"","overlay-gradient":""}}},"product_cat":[44],"product_tag":[70],"class_list":{"0":"post-4427","1":"product","2":"type-product","3":"status-publish","4":"has-post-thumbnail","6":"product_cat-excursiones","7":"product_tag-por-tierra","8":"wt_location-punta-cana","9":"desktop-align-left","10":"tablet-align-left","11":"mobile-align-left","13":"first","14":"instock","15":"sale","16":"sold-individually","17":"shipping-taxable","18":"purchasable","19":"product-type-simple"},"uagb_featured_image_src":{"full":["https:\/\/potetourstransferpuntacana.com\/wp-content\/uploads\/2021\/03\/Safari-Tour-Rancho-Cacao-y-Cafe-Punta-Cana-Tour-Excursion-1357x905px-Stayhappyrd-1.jpg",1357,905,false],"thumbnail":["https:\/\/potetourstransferpuntacana.com\/wp-content\/uploads\/2021\/03\/Safari-Tour-Rancho-Cacao-y-Cafe-Punta-Cana-Tour-Excursion-1357x905px-Stayhappyrd-1.jpg",128,85,false],"medium":["https:\/\/potetourstransferpuntacana.com\/wp-content\/uploads\/2021\/03\/Safari-Tour-Rancho-Cacao-y-Cafe-Punta-Cana-Tour-Excursion-1357x905px-Stayhappyrd-1.jpg",1357,905,false],"medium_large":["https:\/\/potetourstransferpuntacana.com\/wp-content\/uploads\/2021\/03\/Safari-Tour-Rancho-Cacao-y-Cafe-Punta-Cana-Tour-Excursion-1357x905px-Stayhappyrd-1-768x512.jpg",768,512,true],"large":["https:\/\/potetourstransferpuntacana.com\/wp-content\/uploads\/2021\/03\/Safari-Tour-Rancho-Cacao-y-Cafe-Punta-Cana-Tour-Excursion-1357x905px-Stayhappyrd-1.jpg",1357,905,false],"1536x1536":["https:\/\/potetourstransferpuntacana.com\/wp-content\/uploads\/2021\/03\/Safari-Tour-Rancho-Cacao-y-Cafe-Punta-Cana-Tour-Excursion-1357x905px-Stayhappyrd-1.jpg",1357,905,false],"2048x2048":["https:\/\/potetourstransferpuntacana.com\/wp-content\/uploads\/2021\/03\/Safari-Tour-Rancho-Cacao-y-Cafe-Punta-Cana-Tour-Excursion-1357x905px-Stayhappyrd-1.jpg",1357,905,false],"thumb_150x160":["https:\/\/potetourstransferpuntacana.com\/wp-content\/uploads\/2021\/03\/Safari-Tour-Rancho-Cacao-y-Cafe-Punta-Cana-Tour-Excursion-1357x905px-Stayhappyrd-1-150x160.jpg",150,160,true],"thumb_100x150":["https:\/\/potetourstransferpuntacana.com\/wp-content\/uploads\/2021\/03\/Safari-Tour-Rancho-Cacao-y-Cafe-Punta-Cana-Tour-Excursion-1357x905px-Stayhappyrd-1-100x150.jpg",100,150,true],"wethumb_204x153":["https:\/\/potetourstransferpuntacana.com\/wp-content\/uploads\/2021\/03\/Safari-Tour-Rancho-Cacao-y-Cafe-Punta-Cana-Tour-Excursion-1357x905px-Stayhappyrd-1-204x153.jpg",204,153,true],"wethumb_460x307":["https:\/\/potetourstransferpuntacana.com\/wp-content\/uploads\/2021\/03\/Safari-Tour-Rancho-Cacao-y-Cafe-Punta-Cana-Tour-Excursion-1357x905px-Stayhappyrd-1-460x307.jpg",460,307,true],"wethumb_85x85":["https:\/\/potetourstransferpuntacana.com\/wp-content\/uploads\/2021\/03\/Safari-Tour-Rancho-Cacao-y-Cafe-Punta-Cana-Tour-Excursion-1357x905px-Stayhappyrd-1-85x85.jpg",85,85,true],"woocommerce_thumbnail":["https:\/\/potetourstransferpuntacana.com\/wp-content\/uploads\/2021\/03\/Safari-Tour-Rancho-Cacao-y-Cafe-Punta-Cana-Tour-Excursion-1357x905px-Stayhappyrd-1-300x300.jpg",300,300,true],"woocommerce_single":["https:\/\/potetourstransferpuntacana.com\/wp-content\/uploads\/2021\/03\/Safari-Tour-Rancho-Cacao-y-Cafe-Punta-Cana-Tour-Excursion-1357x905px-Stayhappyrd-1-600x400.jpg",600,400,true],"woocommerce_gallery_thumbnail":["https:\/\/potetourstransferpuntacana.com\/wp-content\/uploads\/2021\/03\/Safari-Tour-Rancho-Cacao-y-Cafe-Punta-Cana-Tour-Excursion-1357x905px-Stayhappyrd-1-100x100.jpg",100,100,true]},"uagb_author_info":{"display_name":"KELYN MEJIA","author_link":"https:\/\/potetourstransferpuntacana.com\/?author=0"},"uagb_comment_info":0,"uagb_excerpt":"Descubre la verdadera Rep\u00fablica Dominicana con este tour de un d\u00eda completo desde Punta Cana. Iniciamos este d\u00eda tomando la ruta hacia Hig\u00fcey donde adem\u00e1s de recorrer sus calles, visitaremos la iglesia m\u00e1s grande e importante del pa\u00eds., la Bas\u00edlica de La Altagracia. Prep\u00e1rate para capturar panoramas incre\u00edbles y pueblecitos de monta\u00f1a, a lo largo&hellip;","_links":{"self":[{"href":"https:\/\/potetourstransferpuntacana.com\/index.php?rest_route=\/wp\/v2\/product\/4427","targetHints":{"allow":["GET"]}}],"collection":[{"href":"https:\/\/potetourstransferpuntacana.com\/index.php?rest_route=\/wp\/v2\/product"}],"about":[{"href":"https:\/\/potetourstransferpuntacana.com\/index.php?rest_route=\/wp\/v2\/types\/product"}],"replies":[{"embeddable":true,"href":"https:\/\/potetourstransferpuntacana.com\/index.php?rest_route=%2Fwp%2Fv2%2Fcomments&post=4427"}],"wp:featuredmedia":[{"embeddable":true,"href":"https:\/\/potetourstransferpuntacana.com\/index.php?rest_route=\/wp\/v2\/media\/4648"}],"wp:attachment":[{"href":"https:\/\/potetourstransferpuntacana.com\/index.php?rest_route=%2Fwp%2Fv2%2Fmedia&parent=4427"}],"wp:term":[{"taxonomy":"product_cat","embeddable":true,"href":"https:\/\/potetourstransferpuntacana.com\/index.php?rest_route=%2Fwp%2Fv2%2Fproduct_cat&post=4427"},{"taxonomy":"product_tag","embeddable":true,"href":"https:\/\/potetourstransferpuntacana.com\/index.php?rest_route=%2Fwp%2Fv2%2Fproduct_tag&post=4427"}],"curies":[{"name":"wp","href":"https:\/\/api.w.org\/{rel}","templated":true}]}}